{"id":6458,"date":"2021-01-20T21:30:12","date_gmt":"2021-01-20T21:30:12","guid":{"rendered":"http:\/\/www.felicjanki.pl\/mlodym\/?page_id=6458"},"modified":"2026-01-17T19:07:59","modified_gmt":"2026-01-17T19:07:59","slug":"rekolekcje","status":"publish","type":"page","link":"https:\/\/www.felicjanki.pl\/mlodym\/rekolekcje\/","title":{"rendered":"# rekolekcje"},"content":{"rendered":"<p style=\"text-align: center;\">W ci\u0105gu roku warto odda\u0107 Jezusowi kilka dni. Takim szczeg\u00f3lnym czasem s\u0105 <strong>#rekolekcje.<\/strong> To czas i przestrze\u0144, kt\u00f3r\u0105 tworzysz, budujesz Ty sama, by poprzez modlitw\u0119, adoracj\u0119, konferencje, spowied\u017a \u015bwi\u0119t\u0105 i Eucharysti\u0119 szuka\u0107 drog\u0119 do Chrystusa &#8211; naszego Zbawcy, kt\u00f3ry podj\u0105\u0142 m\u0119k\u0119, umar\u0142 na krzy\u017cu i zmartwychwsta\u0142 dla Ciebie, dla ka\u017cdego z nas!<\/p>\n<div class=\"xdj266r x14z9mp xat24cr x1lziwak x1vvkbs x126k92a\">\n<div dir=\"auto\" style=\"text-align: center;\">\n<div class=\"xdj266r x14z9mp xat24cr x1lziwak x1vvkbs x126k92a\">\n<div dir=\"auto\"><strong><span style=\"color: #800000;\">Zapraszamy na rekolekcje dla dziewczyn!<\/span><\/strong><\/div>\n<\/div>\n<div class=\"x14z9mp xat24cr x1lziwak x1vvkbs xtlvy1s x126k92a\">\n<div dir=\"auto\"><span class=\"html-span xexx8yu xyri2b x18d9i69 x1c1uobl x1hl2dhg x16tdsg8 x1vvkbs x3nfvp2 x1j61x8r x1fcty0u xdj266r xat24cr xm2jcoa x1mpyi22 xxymvpz xlup9mm x1kky2od\"><img loading=\"lazy\" decoding=\"async\" class=\"xz74otr x15mokao x1ga7v0g x16uus16 xbiv7yw\" src=\"https:\/\/static.xx.fbcdn.net\/images\/emoji.php\/v9\/t5\/1\/16\/1f9e9.png\" alt=\"\ud83e\udde9\" width=\"16\" height=\"16\"><\/span> <strong>NIEPOSK\u0141ADANA\u2028<\/strong>bo nie musisz by\u0107 idealna, \u017ceby by\u0107 kochana.<\/div>\n<\/div>\n<div class=\"x14z9mp xat24cr x1lziwak x1vvkbs xtlvy1s x126k92a\">\n<div dir=\"auto\"><span class=\"html-span xexx8yu xyri2b x18d9i69 x1c1uobl x1hl2dhg x16tdsg8 x1vvkbs x3nfvp2 x1j61x8r x1fcty0u xdj266r xat24cr xm2jcoa x1mpyi22 xxymvpz xlup9mm x1kky2od\"><img loading=\"lazy\" decoding=\"async\" class=\"xz74otr x15mokao x1ga7v0g x16uus16 xbiv7yw\" src=\"https:\/\/static.xx.fbcdn.net\/images\/emoji.php\/v9\/t7e\/1\/16\/1f4c5.png\" alt=\"\ud83d\udcc5\" width=\"16\" height=\"16\"><\/span> 23\u201325 lutego 2026\u2028<span class=\"html-span xexx8yu xyri2b x18d9i69 x1c1uobl x1hl2dhg x16tdsg8 x1vvkbs x3nfvp2 x1j61x8r x1fcty0u xdj266r xat24cr xm2jcoa x1mpyi22 xxymvpz xlup9mm x1kky2od\"><img loading=\"lazy\" decoding=\"async\" class=\"xz74otr x15mokao x1ga7v0g x16uus16 xbiv7yw\" src=\"https:\/\/static.xx.fbcdn.net\/images\/emoji.php\/v9\/t2d\/1\/16\/1f4cd.png\" alt=\"\ud83d\udccd\" width=\"16\" height=\"16\"><\/span> Cz\u0119stochowa, Kunickiego 8 (dom zakonny)<\/div>\n<\/div>\n<div class=\"x14z9mp xat24cr x1lziwak x1vvkbs xtlvy1s x126k92a\">\n<div dir=\"auto\"><span class=\"html-span xexx8yu xyri2b x18d9i69 x1c1uobl x1hl2dhg x16tdsg8 x1vvkbs x3nfvp2 x1j61x8r x1fcty0u xdj266r xat24cr xm2jcoa x1mpyi22 xxymvpz xlup9mm x1kky2od\"><img loading=\"lazy\" decoding=\"async\" class=\"xz74otr x15mokao x1ga7v0g x16uus16 xbiv7yw\" src=\"https:\/\/static.xx.fbcdn.net\/images\/emoji.php\/v9\/t15\/1\/16\/1f49b.png\" alt=\"\ud83d\udc9b\" width=\"16\" height=\"16\"><\/span> Ofiara za udzia\u0142 w rekolekcjach jest dobrowolna\u2028(niech pieni\u0105dze nie b\u0119d\u0105 przeszkod\u0105 \u2013 wa\u017cne, \u017ce jeste\u015b)<\/div>\n<\/div>\n<div class=\"x14z9mp xat24cr x1lziwak x1vvkbs xtlvy1s x126k92a\">\n<div dir=\"auto\"><span class=\"html-span xexx8yu xyri2b x18d9i69 x1c1uobl x1hl2dhg x16tdsg8 x1vvkbs x3nfvp2 x1j61x8r x1fcty0u xdj266r xat24cr xm2jcoa x1mpyi22 xxymvpz xlup9mm x1kky2od\"><img loading=\"lazy\" decoding=\"async\" class=\"xz74otr x15mokao x1ga7v0g x16uus16 xbiv7yw\" src=\"https:\/\/static.xx.fbcdn.net\/images\/emoji.php\/v9\/tcc\/1\/16\/1f4dd.png\" alt=\"\ud83d\udcdd\" width=\"16\" height=\"16\"><\/span> ZAPISY:\u2028<span class=\"html-span xexx8yu xyri2b x18d9i69 x1c1uobl x1hl2dhg x16tdsg8 x1vvkbs x3nfvp2 x1j61x8r x1fcty0u xdj266r xat24cr xm2jcoa x1mpyi22 xxymvpz xlup9mm x1kky2od\"><img loading=\"lazy\" decoding=\"async\" class=\"xz74otr x15mokao x1ga7v0g x16uus16 xbiv7yw\" src=\"https:\/\/static.xx.fbcdn.net\/images\/emoji.php\/v9\/t51\/1\/16\/1f449.png\" alt=\"\ud83d\udc49\" width=\"16\" height=\"16\"><\/span> <span class=\"html-span xdj266r x14z9mp xat24cr x1lziwak xexx8yu xyri2b x18d9i69 x1c1uobl x1hl2dhg x16tdsg8 x1vvkbs\"><a class=\"x1i10hfl xjbqb8w x1ejq31n x18oe1m7 x1sy0etr xstzfhl x972fbf x10w94by x1qhh985 x14e42zd x9f619 x1ypdohk xt0psk2 x3ct3a4 xdj266r x14z9mp xat24cr x1lziwak xexx8yu xyri2b x18d9i69 x1c1uobl x16tdsg8 x1hl2dhg xggy1nq x1a2a7pz xkrqix3 x1sur9pj x1fey0fg x1s688f\" tabindex=\"0\" role=\"link\" href=\"https:\/\/forms.gle\/5sRHHhQP7CqV8hyT9?fbclid=IwZXh0bgNhZW0CMTAAc3J0YwZhcHBfaWQQMjIyMDM5MTc4ODIwMDg5MgABHoMe6BgKktpHvIA3igIFebHBse3RCTsY7PKkAVelx5CWMtq6tKD5aA6mld-v_aem_lFHIV7pwm7gOl7faGAesug\" target=\"_blank\" rel=\"nofollow noopener noreferrer\">https:\/\/forms.gle\/5sRHHhQP7CqV8hyT9<\/a><\/span><\/div>\n<\/div>\n<\/div>\n<\/div>\n<div class=\"x14z9mp xat24cr x1lziwak x1vvkbs xtlvy1s x126k92a\">\n<div dir=\"auto\"><img loading=\"lazy\" decoding=\"async\" class=\"aligncenter size-full wp-image-6929\" src=\"http:\/\/www.felicjanki.pl\/mlodym\/wp-content\/uploads\/2026\/01\/PHOTO-2026-01-17-13-38-23.jpg\" alt=\"\" width=\"1414\" height=\"2000\" srcset=\"https:\/\/www.felicjanki.pl\/mlodym\/wp-content\/uploads\/2026\/01\/PHOTO-2026-01-17-13-38-23.jpg 1414w, https:\/\/www.felicjanki.pl\/mlodym\/wp-content\/uploads\/2026\/01\/PHOTO-2026-01-17-13-38-23-212x300.jpg 212w, https:\/\/www.felicjanki.pl\/mlodym\/wp-content\/uploads\/2026\/01\/PHOTO-2026-01-17-13-38-23-724x1024.jpg 724w, https:\/\/www.felicjanki.pl\/mlodym\/wp-content\/uploads\/2026\/01\/PHOTO-2026-01-17-13-38-23-1086x1536.jpg 1086w\" sizes=\"auto, (max-width: 1414px) 100vw, 1414px\" \/><\/div>\n<\/div>\n<hr>\n<p style=\"text-align: right;\"><a href=\"http:\/\/www.felicjanki.pl\/mlodym\/wp-content\/uploads\/2021\/03\/Formularz-uczestnictwa.pdf\">Formularz uczestnictwa<\/a><\/p>\n<p style=\"text-align: right;\"><a href=\"http:\/\/www.felicjanki.pl\/mlodym\/wp-content\/uploads\/2021\/02\/Zgoda-rodzicow.pdf\">Zgoda rodzic\u00f3w &#8211; je\u015bli jeste\u015b niepe\u0142noletnia<\/a><\/p>\n<p style=\"text-align: right;\"><a href=\"http:\/\/www.felicjanki.pl\/mlodym\/wp-content\/uploads\/2021\/02\/Zgoda-na-publikacje-wizerunku-i-klauzula-informacyjna.pdf\">Zgoda na publikacj\u0119 wizerunku i klauzula informacyjna<\/a><\/p>\n<hr>\n<p><strong>Zg\u0142oszenia przyjmuje:<\/strong><\/p>\n<p>s. Bonawentura<br \/>\ntel.&nbsp; 572 489 236<br \/>\nfelicjanka.pro@gmail.com<\/p>\n<p><strong>&nbsp;<\/strong><\/p>\n","protected":false},"excerpt":{"rendered":"<p>W ci\u0105gu roku warto odda\u0107 Jezusowi kilka dni. Takim szczeg\u00f3lnym czasem s\u0105 #rekolekcje. To czas i przestrze\u0144, kt\u00f3r\u0105 tworzysz, budujesz Ty sama, by poprzez modlitw\u0119, adoracj\u0119, konferencje, spowied\u017a \u015bwi\u0119t\u0105 i Eucharysti\u0119 szuka\u0107 drog\u0119 do Chrystusa &#8211; naszego Zbawcy, kt\u00f3ry podj\u0105\u0142 m\u0119k\u0119, umar\u0142 na krzy\u017cu i zmartwychwsta\u0142 dla Ciebie, dla ka\u017cdego z nas! Zapraszamy na rekolekcje &#8230; <span class=\"more\"><a class=\"more-link\" href=\"https:\/\/www.felicjanki.pl\/mlodym\/rekolekcje\/\">[Read more&#8230;]<\/a><\/span><\/p>\n","protected":false},"author":1,"featured_media":0,"parent":0,"menu_order":0,"comment_status":"closed","ping_status":"closed","template":"page-full-width.php","meta":{"ngg_post_thumbnail":0,"jetpack_post_was_ever_published":false,"footnotes":""},"class_list":["entry","page","publish","author-admin","post-6458"],"jetpack_sharing_enabled":true,"jetpack_shortlink":"https:\/\/wp.me\/P7RGrf-1Ga","_links":{"self":[{"href":"https:\/\/www.felicjanki.pl\/mlodym\/wp-json\/wp\/v2\/pages\/6458","targetHints":{"allow":["GET"]}}],"collection":[{"href":"https:\/\/www.felicjanki.pl\/mlodym\/wp-json\/wp\/v2\/pages"}],"about":[{"href":"https:\/\/www.felicjanki.pl\/mlodym\/wp-json\/wp\/v2\/types\/page"}],"author":[{"embeddable":true,"href":"https:\/\/www.felicjanki.pl\/mlodym\/wp-json\/wp\/v2\/users\/1"}],"replies":[{"embeddable":true,"href":"https:\/\/www.felicjanki.pl\/mlodym\/wp-json\/wp\/v2\/comments?post=6458"}],"version-history":[{"count":51,"href":"https:\/\/www.felicjanki.pl\/mlodym\/wp-json\/wp\/v2\/pages\/6458\/revisions"}],"predecessor-version":[{"id":6931,"href":"https:\/\/www.felicjanki.pl\/mlodym\/wp-json\/wp\/v2\/pages\/6458\/revisions\/6931"}],"wp:attachment":[{"href":"https:\/\/www.felicjanki.pl\/mlodym\/wp-json\/wp\/v2\/media?parent=6458"}],"curies":[{"name":"wp","href":"https:\/\/api.w.org\/{rel}","templated":true}]}}