{"id":56,"date":"2016-04-19T21:56:38","date_gmt":"2016-04-19T21:56:38","guid":{"rendered":"http:\/\/www.felicjanki.pl\/mlodym\/?page_id=56"},"modified":"2024-04-22T11:44:00","modified_gmt":"2024-04-22T11:44:00","slug":"w-sercu-rekolekcji","status":"publish","type":"page","link":"https:\/\/www.felicjanki.pl\/mlodym\/w-sercu-rekolekcji\/","title":{"rendered":"Spotkanie"},"content":{"rendered":"<p style=\"text-align: center;\">Zasadnicze przes\u0142anie Biblii jest takie: <span style=\"color: #ff0000;\"><strong>B\u00f3g nas kocha<\/strong><\/span> i pragnie by\u0107 z nami w <strong>przyja\u017ani<\/strong> na ca\u0142e \u017cycie.<\/p>\n<p style=\"text-align: center;\">Biblia opowiada <span style=\"color: #000000;\"><strong>histori\u0119 mi\u0142o\u015bci Boga<\/strong><\/span>, kt\u00f3ra najdoskonalej objawia si\u0119 w <strong>\u017cyciu, \u015bmierci i zmartwychwstaniu Jezusa<\/strong>.<br \/>\nPrzez Chrystusa B\u00f3g oferuje nam przebaczenie, wolno\u015b\u0107, towarzystwo i <span style=\"color: #000000;\">nowe \u017cycie<\/span>.<br \/>\nTo wspania\u0142y prezent, ale to my musimy go przyj\u0105\u0107.<\/p>\n<hr>\n<p style=\"text-align: center;\">Skorzystaj z naszych propozycji, je\u015bli jeste\u015b zainteresowana pog\u0142\u0119bieniem swej wi\u0119zi z Jezusem.<br \/>\nPomo\u017cemy Ci kroczy\u0107 drog\u0105 poszukiwania w ciszy, w \u015bwietle s\u0142\u00f3w Pisma \u015awi\u0119tego, a tak\u017ce blasku Naj\u015bwi\u0119tszego Sakramentu podczas adoracji.<\/p>\n<p style=\"text-align: center;\">Zapraszamy Ci\u0119 do indywidualnej formy SPOTKANIA i w ma\u0142ych grupach:<\/p>\n<p style=\"text-align: center;\">#dzie\u0144 skupienia<br \/>\n#weekend z Bibli\u0105 w r\u0119ku<br \/>\n#come&amp;see<br \/>\n#rekolekcje<br \/>\n#wakacje z Bogiem<\/p>\n<blockquote class=\"wp-embedded-content\" data-secret=\"0grGbwHVRI\"><p><a href=\"https:\/\/www.felicjanki.pl\/mlodym\/garsc-informacji\/\">Gar\u015b\u0107 przydatnych informacji<\/a><\/p><\/blockquote>\n<p><iframe loading=\"lazy\" class=\"wp-embedded-content\" sandbox=\"allow-scripts\" security=\"restricted\" style=\"position: absolute; clip: rect(1px, 1px, 1px, 1px);\" title=\"&#8222;Gar\u015b\u0107 przydatnych informacji&#8221; &#8212; \" src=\"https:\/\/www.felicjanki.pl\/mlodym\/garsc-informacji\/embed\/#?secret=DrhWCm89AP#?secret=0grGbwHVRI\" data-secret=\"0grGbwHVRI\" width=\"600\" height=\"338\" frameborder=\"0\" marginwidth=\"0\" marginheight=\"0\" scrolling=\"no\"><\/iframe><\/p>\n","protected":false},"excerpt":{"rendered":"<p>Zasadnicze przes\u0142anie Biblii jest takie: B\u00f3g nas kocha i pragnie by\u0107 z nami w przyja\u017ani na ca\u0142e \u017cycie. Biblia opowiada histori\u0119 mi\u0142o\u015bci Boga, kt\u00f3ra najdoskonalej objawia si\u0119 w \u017cyciu, \u015bmierci i zmartwychwstaniu Jezusa. Przez Chrystusa B\u00f3g oferuje nam przebaczenie, wolno\u015b\u0107, towarzystwo i nowe \u017cycie. To wspania\u0142y prezent, ale to my musimy go przyj\u0105\u0107. Skorzystaj z &#8230; <span class=\"more\"><a class=\"more-link\" href=\"https:\/\/www.felicjanki.pl\/mlodym\/w-sercu-rekolekcji\/\">[Read more&#8230;]<\/a><\/span><\/p>\n","protected":false},"author":1,"featured_media":0,"parent":0,"menu_order":0,"comment_status":"closed","ping_status":"closed","template":"page-left-sidebar.php","meta":{"ngg_post_thumbnail":0,"jetpack_post_was_ever_published":false,"footnotes":""},"class_list":["entry","page","publish","author-admin","post-56"],"jetpack_sharing_enabled":true,"jetpack_shortlink":"https:\/\/wp.me\/P7RGrf-U","_links":{"self":[{"href":"https:\/\/www.felicjanki.pl\/mlodym\/wp-json\/wp\/v2\/pages\/56","targetHints":{"allow":["GET"]}}],"collection":[{"href":"https:\/\/www.felicjanki.pl\/mlodym\/wp-json\/wp\/v2\/pages"}],"about":[{"href":"https:\/\/www.felicjanki.pl\/mlodym\/wp-json\/wp\/v2\/types\/page"}],"author":[{"embeddable":true,"href":"https:\/\/www.felicjanki.pl\/mlodym\/wp-json\/wp\/v2\/users\/1"}],"replies":[{"embeddable":true,"href":"https:\/\/www.felicjanki.pl\/mlodym\/wp-json\/wp\/v2\/comments?post=56"}],"version-history":[{"count":28,"href":"https:\/\/www.felicjanki.pl\/mlodym\/wp-json\/wp\/v2\/pages\/56\/revisions"}],"predecessor-version":[{"id":6864,"href":"https:\/\/www.felicjanki.pl\/mlodym\/wp-json\/wp\/v2\/pages\/56\/revisions\/6864"}],"wp:attachment":[{"href":"https:\/\/www.felicjanki.pl\/mlodym\/wp-json\/wp\/v2\/media?parent=56"}],"curies":[{"name":"wp","href":"https:\/\/api.w.org\/{rel}","templated":true}]}}